{"id":87,"date":"2024-02-02T19:41:18","date_gmt":"2024-02-02T18:41:18","guid":{"rendered":"https:\/\/www.lola.com.hr\/?page_id=87"},"modified":"2024-02-02T19:41:18","modified_gmt":"2024-02-02T18:41:18","slug":"prijava-na-evisitor","status":"publish","type":"page","link":"https:\/\/www.lola.com.hr\/?page_id=87","title":{"rendered":"Prijava na eVisitor"},"content":{"rendered":"\n<p><strong>Zakonske obveze i Prikupljanje Podataka za eVisitor prijavu<\/strong><\/p>\n\n\n\n<p>Dobrodo\u0161li na web stranicu Apartmana Lola! Kako bismo Vam pru\u017eili najbolje iskustvo boravka kod nas, \u017eelimo Vas informirati o zakonskim obvezama i postupcima prikupljanja podataka koji se odnose na eVisitor prijavu.<\/p>\n\n\n\n<p><strong>1. Zakonski Kontekst:<\/strong><\/p>\n\n\n\n<p>Sukladno zakonodavstvu Republike Hrvatske, svi gosti koji borave u turisti\u010dkom smje\u0161taju du\u017eni su prijaviti se putem sustava eVisitor. Ova zakonska mjera omogu\u0107uje transparentnost i evidentiranje boravi\u0161ta gostiju te pridonosi sigurnosti i za\u0161titi interesa svih sudionika u turisti\u010dkom prometu.<\/p>\n\n\n\n<p><strong>2. Prikupljanje Podataka:<\/strong><\/p>\n\n\n\n<p>Kako bismo ispunili zakonske obveze, molimo Vas da nam pru\u017eite odre\u0111ene informacije potrebne za eVisitor prijavu. Ove informacije uklju\u010duju osobne podatke poput imena, prezimena, datuma ro\u0111enja, adrese prebivali\u0161ta te broja putovnice ili osobne iskaznice. Va\u0161i podaci bit \u0107e obra\u0111eni sukladno va\u017ee\u0107im propisima o za\u0161titi privatnosti.<\/p>\n\n\n\n<p><strong>3. Razlozi Prikupljanja Podataka:<\/strong><\/p>\n\n\n\n<p>Prikupljanje navedenih podataka nu\u017eno je radi izvr\u0161avanja zakonskih obveza prema sustavu eVisitor. Osim toga, ove informacije poma\u017eu nam u pobolj\u0161anju kvalitete na\u0161ih usluga i prilagodbi Va\u0161im preferencijama kako bismo osigurali ugodan boravak u Apartmanima Loli.<\/p>\n\n\n\n<p><strong>4. Sigurnost Podataka:<\/strong><\/p>\n\n\n\n<p>Va\u0161i podaci su nam izuzetno va\u017eni, stoga \u0107emo poduzeti sve potrebne korake kako bismo osigurali njihovu sigurnost. Pristup Va\u0161im podacima imaju samo ovla\u0161tene osobe, a podaci se \u010duvaju sukladno zakonskim i eti\u010dkim standardima.<\/p>\n\n\n\n<p>Hvala Vam na suradnji i razumijevanju. Ukoliko imate dodatnih pitanja ili nedoumica, slobodno nas kontaktirajte. \u017delimo Vam ugodan boravak u Apartmanima Lola!<\/p>\n","protected":false},"excerpt":{"rendered":"<p>Zakonske obveze i Prikupljanje Podataka za eVisitor prijavu Dobrodo\u0161li na web stranicu Apartmana Lola! Kako bismo Vam pru\u017eili najbolje iskustvo boravka kod nas, \u017eelimo Vas informirati o zakonskim obvezama i postupcima prikupljanja podataka koji se odnose na eVisitor prijavu. 1. Zakonski Kontekst: Sukladno zakonodavstvu Republike Hrvatske, svi gosti koji borave u turisti\u010dkom smje\u0161taju du\u017eni su &hellip; <\/p>\n<p class=\"link-more\"><a href=\"https:\/\/www.lola.com.hr\/?page_id=87\" class=\"more-link\">Nastavi \u010ditati<span class=\"screen-reader-text\"> &#8220;Prijava na eVisitor&#8221;<\/span><\/a><\/p>\n","protected":false},"author":1,"featured_media":0,"parent":0,"menu_order":0,"comment_status":"closed","ping_status":"closed","template":"","meta":{"_joinchat":[],"footnotes":""},"class_list":["post-87","page","type-page","status-publish","hentry"],"_links":{"self":[{"href":"https:\/\/www.lola.com.hr\/index.php?rest_route=\/wp\/v2\/pages\/87","targetHints":{"allow":["GET"]}}],"collection":[{"href":"https:\/\/www.lola.com.hr\/index.php?rest_route=\/wp\/v2\/pages"}],"about":[{"href":"https:\/\/www.lola.com.hr\/index.php?rest_route=\/wp\/v2\/types\/page"}],"author":[{"embeddable":true,"href":"https:\/\/www.lola.com.hr\/index.php?rest_route=\/wp\/v2\/users\/1"}],"replies":[{"embeddable":true,"href":"https:\/\/www.lola.com.hr\/index.php?rest_route=%2Fwp%2Fv2%2Fcomments&post=87"}],"version-history":[{"count":1,"href":"https:\/\/www.lola.com.hr\/index.php?rest_route=\/wp\/v2\/pages\/87\/revisions"}],"predecessor-version":[{"id":88,"href":"https:\/\/www.lola.com.hr\/index.php?rest_route=\/wp\/v2\/pages\/87\/revisions\/88"}],"wp:attachment":[{"href":"https:\/\/www.lola.com.hr\/index.php?rest_route=%2Fwp%2Fv2%2Fmedia&parent=87"}],"curies":[{"name":"wp","href":"https:\/\/api.w.org\/{rel}","templated":true}]}}